remainder when 45699 is divided by 38.
23
What is the remainder when 77641 is divided by 1160?
1081
What is the remainder when 7995 is divided by 2635?
90
What is the remainder when 50689 is divided by 5?
4
What is the remainder when 61215 is divided by 215?
155
What is the remainder when 1654 is divided by 331?
330
What is the remainder when 10422 is divided by 3337?
411
What is the remainder when 9072 is divided by 780?
492
Calculate the remainder when 65114 is divided by 55.
49
Calculate the remainder when 341720 is divided by 496.
472
Calculate the remainder when 3876 is divided by 1938.
0
What is the remainder when 2806 is divided by 2794?
12
Calculate the remainder when 111 is divided by 24.
15
What is the remainder when 170910 is divided by 224?
222
What is the remainder when 164573 is divided by 54?
35
What is the remainder when 272158 is divided by 336?
334
What is the remainder when 2037 is divided by 115?
82
Calculate the remainder when 24018 is divided by 4320.
2418
What is the remainder when 6174 is divided by 782?
700
What is the remainder when 11716 is divided by 255?
241
What is the remainder when 99595 is divided by 40?
35
Calculate the remainder when 7101354 is divided by 347.
346
What is the remainder when 12366 is divided by 767?
94
What is the remainder when 1652655 is divided by 19?
16
Calculate the remainder when 5595 is divided by 2776.
43
What is the remainder when 999147 is divided by 37005?
12
What is the remainder when 1199 is divided by 73?
31
Calculate the remainder when 6475 is divided by 405.
400
What is the remainder when 63714 is divided by 27?
21
What is the remainder when 136 is divided by 126?
10
What is the remainder when 136032 is divided by 27204?
12
What is the remainder when 6587 is divided by 161?
147
What is the remainder when 206401 is divided by 20639?
11
Calculate the remainder when 154242 is divided by 8118.
0
Calculate the remainder when 4957 is divided by 216.
205
Calculate the remainder when 292056 is divided by 97349.
9
What is the remainder when 50232 is divided by 11?
6
Calculate the remainder when 5874 is divided by 115.
9
Calculate the remainder when 12026 is divided by 199.
86
Calculate the remainder when 124749 is divided by 12.
9
What is the remainder when 1931 is divided by 45?
41
What is the remainder when 9848 is divided by 128?
120
Calculate the remainder when 657 is divided by 82.
1
What is the remainder when 2740 is divided by 546?
10
Calculate the remainder when 4737 is divided by 1147.
149
Calculate the remainder when 221542 is divided by 59.
56
What is the remainder when 25549 is divided by 3644?
41
Calculate the remainder when 5735 is divided by 2342.
1051
Calculate the remainder when 70404 is divided by 8.
4
What is the remainder when 7878 is divided by 1765?
818
What is the remainder when 68769 is divided by 130?
129
Calculate the remainder when 25527 is divided by 491.
486
Calculate the remainder when 68750 is divided by 1348.
2
Calculate the remainder when 4841 is divided by 535.
26
Calculate the remainder when 144870 is divided by 24.
6
What is the remainder when 3583 is divided by 122?
45
What is the remainder when 757 is divided by 432?
325
Calculate the remainder when 157857 is divided by 17.
12
What is the remainder when 35134 is divided by 35125?
9
Calculate the remainder when 793359 is divided by 31.
7
Calculate the remainder when 12485 is divided by 960.
5
Calculate the remainder when 475773 is divided by 14.
11
What is the remainder when 4103 is divided by 340?
23
Calculate the remainder when 19486 is divided by 1769.
27
What is the remainder when 756359 is divided by 88?
87
What is the remainder when 24119 is divided by 11928?
263
What is the remainder when 5789 is divided by 36?
29
Calculate the remainder when 5009 is divided by 4763.
246
What is the remainder when 83043 is divided by 110?
103
What is the remainder when 3003 is divided by 301?
294
What is the remainder when 6490 is divided by 2156?
22
What is the remainder when 7370 is divided by 91?
90
Calculate the remainder when 170019 is divided by 227.
223
Calculate the remainder when 4630 is divided by 269.
57
What is the remainder when 11913 is divided by 343?
251
What is the remainder when 13081 is divided by 579?
343
Calculate the remainder when 71476 is divided by 307.
252
What is the remainder when 8627 is divided by 1076?
19
Calculate the remainder when 1642 is divided by 665.
312
What is the remainder when 1013 is divided by 498?
17
Calculate the remainder when 1987 is divided by 491.
23
Calculate the remainder when 31220 is divided by 5200.
20
Calculate the remainder when 18702 is divided by 7.
5
What is the remainder when 834238 is divided by 176?
174
What is the remainder when 20485 is divided by 3999?
490
What is the remainder when 136567 is divided by 14?
11
What is the remainder when 37077 is divided by 6?
3
What is the remainder when 202122 is divided by 50530?
2
What is the remainder when 12817 is divided by 135?
127
What is the remainder when 2518 is divided by 90?
88
What is the remainder when 14376381 is divided by 288?
285
Calculate the remainder when 381 is divided by 186.
9
What is the remainder when 19853 is divided by 537?
521
Calculate the remainder when 3694 is divided by 70.
54
What is the remainder when 3163 is divided by 3054?
109
What is the remainder when 11406 is divided by 11359?
47
Calculate the remainder when 8587 is divided by 1630.
437
What is the remainder when 26606 is divided by 364?
34
Calculate the remainder when 43955 is divided by 21929.
97
What is the remainder when 13137 is divided by 1315?
1302
What is the remainder when 93707 is divided by 342?
341
What is the remainder when 681 is divided by 222?
15
Calculate the remainder when 6974 is divided by 196.
114
What is the remainder when 78060 is divided by 15612?
0
What is the remainder when 56198 is divided by 56198?
0
Calculate the remainder when 4243 is divided by 1976.
291
What is the remainder when 242984 is divided by 835?
834
Calculate the remainder when 2250 is divided by 22.
6
Calculate the remainder when 1715 is divided by 617.
481
Calculate the remainder when 67232 is divided by 12.
8
Calculate the remainder when 4418 is divided by 2196.
26
Calculate the remainder when 844 is divided by 69.
16
Calculate the remainder when 1418 is divided by 10.
8
Calculate the remainder when 1591 is divided by 492.
115
Calculate the remainder when 85872 is divided by 75.
72
What is the remainder when 47933 is divided by 2796?
401
Calculate the remainder when 90587 is divided by 906.
893
What is the remainder when 264716 is divided by 67?
66
Calculate the remainder when 12794 is divided by 128.
122
Calculate the remainder when 6399 is divided by 3070.
259
What is the remainder when 1582 is divided by 1567?
15
What is the remainder when 2449 is divided by 2422?
27
Calculate the remainder when 664 is divided by 586.
78
What is the remainder when 237330 is divided by 773?
19
What is the remainder when 3562012 is divided by 417?
415
Calculate the remainder when 13969 is divided by 168.
25
What is the remainder when 102072 is divided by 317?
315
Calculate the remainder when 1009 is divided by 196.
29
What is the remainder when 2809 is divided by 935?
4
What is the remainder when 3261 is divided by 107?
51
What is the remainder when 10713 is divided by 69?
18
What is the remainder when 292203 is divided by 58434?
33
What is the remainder when 88044 is divided by 2?
0
What is the remainder when 5100 is divided by 296?
68
What is the remainder when 55771 is divided by 698?
629
Calculate the remainder when 36001 is divided by 17.
12
What is the remainder when 36989 is divided by 33?
29
Calculate the remainder when 2479 is divided by 1105.
269
What is the remainder when 3166 is divided by 1391?
384
Calculate the remainder when 8665 is divided by 4162.
341
Calculate the remainder when 54898 is divided by 10979.
3
Calculate the remainder when 54386 is divided by 625.
11
Calculate the remainder when 25883 is divided by 65.
13
What is the remainder when 8798 is divided by 521?
462
What is the remainder when 1868247 is divided by 694?
693
What is the remainder when 58647 is divided by 11723?
32
Calculate the remainder when 42602 